761
Calculate the remainder when 70473855 is divided by 1274.
1271
What is the remainder when 113521 is divided by 13516?
5393
What is the remainder when 700951 is divided by 1149?
61
Calculate the remainder when 2013743 is divided by 410.
233
What is the remainder when 61902206 is divided by 30951100?
6
What is the remainder when 5162 is divided by 1260?
122
Calculate the remainder when 130067478 is divided by 215.
3
What is the remainder when 593394 is divided by 865?
4
Calculate the remainder when 15935536 is divided by 2584.
8
Calculate the remainder when 1453576 is divided by 386.
286
What is the remainder when 10219301 is divided by 56150?
1
What is the remainder when 21254 is divided by 2972?
450
Calculate the remainder when 7617910 is divided by 242.
234
What is the remainder when 31273 is divided by 3886?
185
Calculate the remainder when 110939 is divided by 5619.
4178
What is the remainder when 8331857 is divided by 129?
5
Calculate the remainder when 31407 is divided by 2050.
657
What is the remainder when 8872844 is divided by 94?
90
Calculate the remainder when 75764 is divided by 14450.
3514
Calculate the remainder when 11579 is divided by 24.
11
Calculate the remainder when 140785414 is divided by 140.
14
Calculate the remainder when 1054471 is divided by 263554.
255
What is the remainder when 24218 is divided by 5935?
478
What is the remainder when 12449093 is divided by 101?
35
Calculate the remainder when 12139012 is divided by 3060.
3052
Calculate the remainder when 404037 is divided by 403727.
310
What is the remainder when 1932585 is divided by 966292?
1
Calculate the remainder when 20176741 is divided by 242.
233
Calculate the remainder when 955306 is divided by 38211.
31
What is the remainder when 129016 is divided by 2303?
48
Calculate the remainder when 124258239 is divided by 1336110.
9
Calculate the remainder when 23855 is divided by 6543.
4226
Calculate the remainder when 432457 is divided by 14.
11
What is the remainder when 3185241 is divided by 186?
177
Calculate the remainder when 983852 is divided by 327728.
668
What is the remainder when 60197651 is divided by 25?
1
Calculate the remainder when 614639 is divided by 19757.
2172
Calculate the remainder when 48099866 is divided by 24049933.
0
What is the remainder when 44579 is divided by 14845?
44
Calculate the remainder when 1713338 is divided by 1772.
1586
What is the remainder when 218800626 is divided by 78?
18
Calculate the remainder when 229485 is divided by 56664.
2829
Calculate the remainder when 419998 is divided by 13968.
958
Calculate the remainder when 8707 is divided by 348.
7
What is the remainder when 987924 is divided by 16465?
24
Calculate the remainder when 26516 is divided by 4092.
1964
What is the remainder when 139753553 is divided by 269?
252
What is the remainder when 8504729 is divided by 117?
116
Calculate the remainder when 8109705 is divided by 2987.
0
What is the remainder when 473607 is divided by 71?
37
Calculate the remainder when 5659873 is divided by 152965.
168
What is the remainder when 2495546 is divided by 687?
362
What is the remainder when 125881 is divided by 740?
81
What is the remainder when 20822782 is divided by 6940925?
7
What is the remainder when 6137891 is divided by 19?
17
What is the remainder when 7884939 is divided by 82?
65
Calculate the remainder when 317746 is divided by 79400.
146
What is the remainder when 23320348 is divided by 172743?
43
What is the remainder when 13304504 is divided by 6652248?
8
Calculate the remainder when 8647425 is divided by 5013.
0
What is the remainder when 279041 is divided by 6069?
5936
Calculate the remainder when 19722 is divided by 16947.
2775
Calculate the remainder when 207418 is divided by 15.
13
Calculate the remainder when 21085536 is divided by 2342833.
39
What is the remainder when 1317031739 is divided by 241?
238
Calculate the remainder when 605335 is divided by 121034.
165
What is the remainder when 15428515 is divided by 21193?
11
What is the remainder when 3867833 is divided by 680?
673
Calculate the remainder when 8984 is divided by 4459.
66
What is the remainder when 26577509 is divided by 164?
161
Calculate the remainder when 711742637 is divided by 392.
389
What is the remainder when 77257 is divided by 37960?
1337
Calculate the remainder when 6041788 is divided by 377609.
44
Calculate the remainder when 36365486 is divided by 6390.
6386
Calculate the remainder when 41724 is divided by 3.
0
Calculate the remainder when 40750 is divided by 36.
34
Calculate the remainder when 78340004 is divided by 14.
8
Calculate the remainder when 45692 is divided by 5061.
143
Calculate the remainder when 69685 is divided by 232.
85
What is the remainder when 2038964 is divided by 9061?
239
Calculate the remainder when 1079801 is divided by 868.
9
What is the remainder when 225793 is divided by 20521?
62
What is the remainder when 13396 is divided by 473?
152
What is the remainder when 498481 is divided by 8743?
130
What is the remainder when 42824665 is divided by 3907?
38
What is the remainder when 64566932 is divided by 56292?
8
Calculate the remainder when 1205900 is divided by 6.
2
What is the remainder when 1580646 is divided by 1138?
1102
What is the remainder when 3253514 is divided by 463?
13
What is the remainder when 1139451 is divided by 1044?
447
What is the remainder when 9975142 is divided by 2025?
2017
Calculate the remainder when 36537824 is divided by 268660.
64
What is the remainder when 131047 is divided by 2337?
175
Calculate the remainder when 144576 is divided by 47149.
3129
What is the remainder when 50660 is divided by 1657?
950
What is the remainder when 56354 is divided by 1658?
1640
Calculate the remainder when 25564412 is divided by 256.
252
What is the remainder when 7934153 is divided by 1983538?
1
Calculate the remainder when 39451293 is divided by 43.
40
What is the remainder when 19184506 is divided by 6?
4
What is the remainder when 2805820 is divided by 28?
24
Calculate the remainder when 2332591 is divided by 872.
863
Calculate the remainder when 2176552 is divided by 1229.
1222
Calculate the remainder when 1007367 is divided by 2326.
209
What is the remainder when 1818480 is divided by 2183?
41
What is the remainder when 166462 is divided by 2?
0
What is the remainder when 20006126 is divided by 74?
4
What is the remainder when 305101 is divided by 112?
13
What is the remainder when 463359 is divided by 3458?
3445
Calculate the remainder when 11339542 is divided by 994.
984
Calculate the remainder when 2714098 is divided by 3877.
198
Calculate the remainder when 3428746 is divided by 69.
67
Calculate the remainder when 432975 is divided by 13.
10
Calculate the remainder when 366223922 is divided by 81.
80
What is the remainder when 29978 is divided by 1680?
1418
Calculate the remainder when 35099937 is divided by 37.
35
Calculate the remainder when 289582 is divided by 144653.
276
Calculate the remainder when 642539 is divided by 321234.
71
What is the remainder when 81201 is divided by 4061?
4042
What is the remainder when 25987832 is divided by 257?
249
What is the remainder when 1358345 is divided by 586?
583
Calculate the remainder when 892536 is divided by 68652.
60
Calculate the remainder when 10727605 is divided by 107.
106
Calculate the remainder when 294001 is divided by 50.
1
What is the remainder when 255478683 is divided by 878?
877
What is the remainder when 1479421 is divided by 1059?
1057
Calculate the remainder when 236720817 is divided by 148.
145
What is the remainder when 35595767 is divided by 26?
25
Calculate the remainder when 1188332 is divided by 1745.
1732
What is the remainder when 16598 is divided by 494?
296
What is the remainder when 167101938 is divided by 934?
932
Calculate the remainder when 85694 is divided by 42713.
268
Calculate the remainder when 135192 is divided by 22528.
24
Calculate the remainder when 257263 is divided by 1763.
1628
Calculate the remainder when 2332290 is divided by 2336.
962
What is the remainder when 13215811 is divided by 13?
11
Calculate the remainder when 35344526 is divided by 108.
14
What is the remainder when 9159 is divided by 1290?
129
What is the remainder when 73746